 -8*i = -f - 23. What is the greatest common factor of 56 and i?
7
Let r(w) = -5*w**3 - 3*w**2 + 9*w + 11. Let l be r(-1). What is the highest common factor of l and 52?
4
Let v = 25 + 54. Let w = -43 + v. Let i be (1 - (-10)/(-6))*-6. Calculate the greatest common factor of w and i.
4
Let z(a) = a**2 + 6*a - 11. Let i be z(-6). Let y = -1 - i. Suppose -5*o = -7*o + 30. What is the greatest common divisor of o and y?
5
Let n(q) = -91*q**3 - 2*q**2 - q + 1. Let z be n(-2). Let c be z/9 - 1/3. Suppose f - 224 = -c. What is the greatest common divisor of f and 18?
18
Suppose 0 = -3*b + 976 - 679. Calculate the highest common divisor of 231 and b.
33
Suppose 0 = -2*g + g + 9. Let j be (-2)/6 + 1389/g. Suppose 2*p = 3*p - 14. What is the highest common divisor of p and j?
14
Let j be 112/10*(23 - 18). What is the greatest common divisor of j and 49?
7
Suppose -4*r + 143 = 9*r. Let k(w) = -111*w**3 - w - 1. Let c be k(-1). Let v = c + -34. What is the highest common factor of v and r?
11
Suppose 0 = 4*d - 6*d. Suppose d*t - 4*t - 5*j + 20 = 0, -5*j = 2*t - 20. Suppose 2*s = t, -3*r - 4*s + 36 = s. What is the highest common divisor of r and 108?
12
Suppose -5*a + 147 = -43. Calculate the greatest common factor of a and 38.
38
Let k(j) = j**3 - 17*j**2 - 14*j + 33. Let d be k(18). Calculate the greatest common divisor of d and 75.
15
Suppose 5*c - 67 = -a + 11, 0 = -4*c + a + 48. Let n(g) = g + 8. Let m be n(-6). Suppose -m*z + 28 = 2*z. Calculate the highest common divisor of z and c.
7
Let b(t) = -t**2 - 19*t + 47. Let s be b(-22). Let u(r) = -24*r - 33. Let j be u(s). What is the greatest common divisor of j and 47?
47
Suppose -15*d + 1019 + 466 = 0. What is the greatest common divisor of 9 and d?
9
Suppose 40 = -3*b + 118. Let v = -106 + b. Let a be v/(-12)*(-33)/(-2). What is the greatest common divisor of a and 10?
10
Let r be -2 + (8 - 4) + 258. Suppose -30*f + 25*f = -r. What is the greatest common divisor of 4 and f?
4
Suppose 5*l = 33 - 8. Suppose 2*q - 2 = -t + 29, t + q = 30. Suppose -l*i + t = -3*j - 1, 30 = 5*i + j. Calculate the greatest common divisor of i and 54.
6
Let l be (-60)/90 + (-38)/(-3). What is the highest common factor of l and 60?
12
Suppose -25*b + 14*b = -528. What is the highest common factor of b and 6?
6
Let r be ((-2)/(-6))/((-3)/9)*-6. Let q be r - 56/9 - (-218)/9. What is the greatest common divisor of 36 and q?
12
Let h be -40*(2 - (-54)/(-15)). Let d = -48 + 55. Suppose 0 = d*k - 5*k - 64. What is the highest common divisor of h and k?
32
Suppose -10*g + 36 = -4. Suppose -5*d + 135 = 3*i, 0 = i - g*i - 2*d + 144. Calculate the highest common divisor of 50 and i.
50
Let q(j) = j**2 - 17*j - 16. Let t be q(16). Let w be (56/t)/((-3)/12). Suppose -2*i = -35 - 35. Calculate the greatest common factor of i and w.
7
Suppose -14*i + 9*i = -10. Let w(o) = o + 2. Let n be w(8). What is the highest common divisor of n and i?
2
Suppose 9*p - 36 - 180 = 0. Suppose i + 3*i - 32 = 0. Calculate the highest common factor of i and p.
8
Suppose -2*q = 16 + 14. Let r = q - -23. What is the highest common factor of r and 88?
8
Suppose -33 = -21*k + 135. Let d be (-4)/14 - 114/(-7). What is the greatest common divisor of d and k?
8
Let m(p) = -p**3 - 24*p**2 - 23*p + 6. Let i be m(-23). What is the highest common factor of i and 15?
3
Suppose -123 = -17*z + 608. Calculate the highest common factor of 387 and z.
43
Suppose -6*l - 459 = -7*l - 2*n, 3*n = 5*l - 2295. Calculate the highest common divisor of 68 and l.
17
Suppose -38*w + 29*w + 9702 = 0. Calculate the highest common factor of w and 22.
22
Let l be -10 + ((-9)/(-12) - (-22)/(-8)). Let c be 11/(-66) + (-350)/l. What is the highest common factor of 319 and c?
29
Suppose -2*d + 5*m + 1 = 40, -5*d - 115 = 5*m. Let o be (-202)/d - (-12)/(-66). Calculate the greatest common factor of 27 and o.
9
Suppose -3*a + 2*a = -25. Let k be 16/6*(-891)/(-36). Let z = k - -134. What is the highest common divisor of a and z?
25
Suppose 15 = -3*o, -5*y + 145 = -y + 3*o. What is the highest common divisor of 70 and y?
10
Let d be 4 - (24801/189 - (-4)/(-18)). Let w = 160 + d. What is the greatest common divisor of w and 44?
11
Let y be (-5 - (0 - 2)) + (-3 - -6). Let z be (-3 - y) + 2 + -2 + 201. What is the greatest common divisor of z and 18?
18
Suppose y = -5*u - 0*y - 32, 3*y = 5*u + 44. Let r be (-10 - u)*(1*-3 - 0). Calculate the highest common factor of r and 72.
9
Let d(p) = 9*p + 91. Let n be d(-9). Suppose -n*g + 12*g - 52 = 0. Calculate the highest common factor of g and 117.
13
Suppose 3*x - 2*q = -87, -2*x - 120 = 2*x - 4*q. Let t = x - -59. Let s = 5016 - 5008. Calculate the greatest common factor of s and t.
8
Suppose -t + 7 = 2. Suppose -83 = 5*i + 2*q, 0 = 2*i - t*i - 5*q - 65. Let n be (-752)/i - 2/15. Calculate the greatest common factor of n and 20.
10
Let m(u) = -u**2 + u - 8. Let y(b) = -b**2 + 1. Let c(d) = m(d) - 3*y(d). Let p be c(5). What is the highest common factor of 44 and p?
44
Let d(l) = 7*l**2 - 16*l + 24. Let g be d(3). What is the greatest common divisor of 48 and g?
3
Let s = -393 + 402. What is the greatest common factor of 207 and s?
9
Suppose 0*f = -4*f - 4*a + 1260, 0 = 5*f - 2*a - 1540. Calculate the greatest common factor of f and 10.
10
Let v be (-2)/(-6) + 238323/153. What is the highest common factor of 41 and v?
41
Let r be ((-32)/5)/((-162)/405). Let u(j) = 143*j + 1. Let m be u(1). Calculate the greatest common divisor of m and r.
16
Let y(t) = t**3 + 8*t**2 - 2*t - 11. Let b be y(-8). Suppose 0 = -5*k + b, -87 = -2*z - k - 0*k. Calculate the highest common factor of 43 and z.
43
Let a = 61 + -35. Let p = a + -22. Let j be p/(-10) - (-612)/30. Calculate the greatest common divisor of 8 and j.
4
Suppose -4*b + 11 = 3*v + 2*v, 0 = 5*v + 5. Suppose 1 = 4*r - 7. Suppose 0 = -5*x + 2*i + 69, b*x = x + r*i + 39. What is the highest common factor of x and 90?
15
Suppose 13*w - 14*w + 96 = 0. What is the greatest common divisor of 1632 and w?
96
Let l(q) = q**3 - 3*q**2 - 14*q - 33. Let x be l(8). Calculate the greatest common divisor of 50 and x.
25
Let d(l) = l**3 - 5*l**2 + 4*l - 14. Let t be d(8). Let k = t - 35. Calculate the highest common divisor of k and 25.
25
Let c = 11 + -11. Suppose r = s + 6, -s - 9 = -2*r - c*s. Suppose j = 22 - r. Calculate the greatest common factor of j and 209.
19
Let c(a) = a**2 + 8*a**3 + 0 - 1 - 48*a + 21*a + 26*a. Let f be c(1). Calculate the highest common factor of f and 63.
7
Let h = -932 + 1002. Let u(f) = -f**2 + 13*f - 5. Let n be u(5). Calculate the highest common factor of h and n.
35
Suppose 0 = -2*y - 1 + 91. Let g(f) = -f - 1. Let z be g(-10). What is the greatest common factor of z and y?
9
Suppose 10*b + 3*c = 15*b - 74, 5*b - 82 = -c. Let s = 7 - 6. Let j be (1/(-3))/(s/(-6)). What is the greatest common divisor of b and j?
2
Let c(b) = -34*b + 54. Let m be c(7). Let p be m/(-12) - (-3)/(-9). Calculate the greatest common factor of p and 12.
3
Suppose 2*b + 10 = 0, -5*a + 0*b = 4*b. Suppose -2*n = -a*n - 8. Let q be 3 - n/((-16)/(-92)). What is the greatest common divisor of 65 and q?
13
Suppose -80*g = -76*g - 936. What is the greatest common divisor of g and 39?
39
Let h be 15 - (6/8 - (-45)/20). Let m(u) = -300*u. Let l be m(-1). Let g = -168 + l. What is the highest common factor of g and h?
12
Suppose 0 = -4*i - 3*i + 126. What is the greatest common factor of 2 and i?
2
Let r be 30/8 + (-1)/(-4). Let q = -180 - -179. Let d be (q + 12/(-2))*8/(-14). What is the highest common factor of r and d?
4
Suppose 0 = 5*w - 0*w - 10. Suppose 112 = w*d + 2*d. Suppose -11 = -k + 4*s, -3*k - 3*s + 4 = -2*k. What is the greatest common factor of k and d?
7
Let s(n) = 4*n**2 - 5*n**2 - 12 + 5*n - 7*n + 2*n**2. Let w be s(6). Let h = 14 - w. What is the highest common divisor of 1 and h?
1
Suppose -j + 5*a = -24, -5*j + 4*a + 32 = -j. Suppose 435 = j*u + 83. What is the greatest common divisor of u and 22?
22
Let s = -57 - -59. Let k be (9*110/(-105))/(s/(-14)). Calculate the greatest common divisor of k and 22.
22
Suppose 0 = 5*q - 2*u - 367, -5*u - 80 = -3*q + 144. Suppose 3*d - 257 = 2*a, -4*a + 8 = d - q. What is the greatest common divisor of d and 17?
17
Let p(l) = 4*l**2 - 4*l - 26. Let s be p(8). Cal